36 - -174. Let l = -22 + p. What is the remainder when l is divided by 11?
5
Let q(h) = -h**2 + 2*h. Let v be q(4). Let a = v - -17. Let s = -39 + 42. What is the remainder when a is divided by s?
0
Suppose 11 - 11 = -2*o. Suppose 3*v + 1 = 10. Suppose -5*z + 53 = -o*w + v*w, -52 = -5*z - 2*w. Calculate the remainder when 58 is divided by z.
8
Suppose 4*t - 6 - 42 = 0. Let o(p) = p**2 + 625*p - 3717. Calculate the remainder when o(6) is divided by t.
9
Suppose 5*s + 724 = 3*v + 210, 4*s = 4. What is the remainder when v is divided by 30?
23
Let t = 193 + 89. Let j = -38 + t. Suppose -k - k = -j. What is the remainder when k is divided by 31?
29
Let b = -26 + 47. Let v(h) = h**3 - 7*h**2 - 3*h + 14. Calculate the remainder when v(8) is divided by b.
12
Suppose 4*y - 4*n - 143 = n, 0 = -4*y + n + 147. What is the remainder when 90 is divided by y?
16
Let l(d) be the first derivative of -d**4/4 - d**3 + 8*d**2 - 9*d - 20. What is the remainder when l(-7) is divided by 11?
9
Let v(n) = -n**3 + 4*n**2 + 13*n + 3. Let r be v(6). Suppose -z - r = -6. What is the remainder when 2 is divided by (z/(-15))/(1/5)?
0
Let k = -8 + 5. Let i be (3/6)/(k/12). What is the remainder when 18 is divided by (i - -3)*(2 + 5)?
4
What is the remainder when -2 + -3 + (3 - 0) + 208 is divided by 53?
47
Suppose 8 = 2*n + 5*j, -j + 11 = 5*n - 9. Let i be 3 + 2/n*-4. What is the remainder when -3 - i - -1*57 is divided by 8?
5
Let g be 1 + 24/6 - 5. Suppose g = -s - u + 114, -u - 2*u = 15. What is the remainder when s is divided by 40?
39
Let l = -1390 - -1399. What is the remainder when 299 is divided by l?
2
Let s(p) = p**3 - 10*p**2 + 16*p + 5. Calculate the remainder when 132 is divided by s(9).
64
Suppose 37*a = 3*a + 544. Let n = 0 - -1. Calculate the remainder when (48 - n)*1 - 2 is divided by a.
13
Let x = -6 - -10. Suppose -69 = -4*v + y - x*y, 3*y - 51 = -3*v. What is the remainder when 33 is divided by v?
15
Suppose 2*n - 198 = -5*r + r, -4*r = -5*n - 177. Let s = -1 + 21. Suppose s*x - 27*x = -119. Calculate the remainder when r is divided by x.
14
Let m be 4*3/24*4. Suppose 15 = m*l - 9. Suppose l = 2*s + s. What is the remainder when 12 is divided by s?
0
Let r = 8 + -3. Suppose -3*x + 4*c + 65 = 0, -4*x - c + 38 = -55. Calculate the remainder when x is divided by r.
3
Suppose 7*p - 16 - 5 = 0. Calculate the remainder when 139 is divided by 246/9 + 2/p.
27
Suppose -387 = 4*k + 3*n, -5*k + n - 455 = -n. Let i = k + 121. Calculate the remainder when i is divided by 6.
4
Suppose 0*t = 3*t - 9. Suppose n - 5*n - y = 291, t*n - 4*y + 242 = 0. Let u = n - -103. Calculate the remainder when u is divided by 16.
13
Let n = 101 + -101. Suppose -4*j - 4*j + 40 = n. What is the remainder when 17 is divided by j?
2
What is the remainder when 119 is divided by (144/(-60))/((-4)/10)?
5
Suppose -2*j - 16 + 106 = 0. Let u(w) = 5*w - 2. Let n be u(1). Suppose n*v - 26 = 10. Calculate the remainder when j is divided by v.
9
Suppose 10*p - 8*p = 24. What is the remainder when 35 is divided by -3*(-4)/p - -20?
14
Suppose 0 = 3*w - 12, 0 = -2*k - 2*k + w + 184. Let c = -34 + k. Calculate the remainder when c is divided by 4.
1
Suppose -17*s - 13*s = -12930. Calculate the remainder when s is divided by 31.
28
Let o = -635 - -650. Suppose -5*f + 62 = a - 237, 303 = 5*f + 2*a. What is the remainder when f is divided by o?
14
Let y(a) = -34*a + 2. Let o be y(-2). Suppose -6*x + 8*x = -o. Let m = -25 - x. What is the remainder when m is divided by 6?
4
Let y = 538 - 520. Calculate the remainder when (6/(-12))/((-2)/136) is divided by y.
16
Suppose 33 = 10*q - 7. Let k(p) = -p**3 - p**2 + 5*p + 3. Let h be 13/(-4) + (-1)/(-4). Calculate the remainder when k(h) is divided by q.
2
Let v(d) = -d**3 + 7*d**2 + 2*d - 17. Let o be v(7). What is the remainder when 12*3 - o*(-7 - -8) is divided by 20?
19
Let q be (-2)/16 - 9/(-216)*123. Suppose x - 32 = f, -q*f = 4*x - 5*x + 40. Calculate the remainder when 329 is divided by x.
29
Let c = 118 - 331. Let q be c/(-9)*(-1 - -4). Let v = q + -44. Calculate the remainder when v is divided by 15.
12
Let d = 24 + -39. Let r = -11 - d. Suppose -2*y - 37 = -5*h - 9, -3*h = -4*y - 28. Calculate the remainder when r is divided by h.
0
Let n = -4 - -21. Suppose 2*s = -2*s + 2*s. Suppose s*q = q - 31. Calculate the remainder when q is divided by n.
14
Suppose 4*k - 820 = -4*j, k - 140 = 5*j + 95. Calculate the remainder when k is divided by 74.
62
Suppose -5*d + 20 = 5. Calculate the remainder when 66 is divided by (4 - d)*(22 + 1).
20
Let f(p) = p**3 + 11*p**2 - 5*p - 27. Calculate the remainder when f(-11) is divided by 12.
4
Calculate the remainder when 86 is divided by 72/(-30)*(5 + -15).
14
Let a(v) = -v**3 - 9*v**2 - 20*v + 50. Calculate the remainder when a(-9) is divided by 28.
6
Let r be 16/(-3)*9/2. Let v = -21 - r. Suppose v*a = w - 14, 7 = 2*w + 3*a - 3. Calculate the remainder when w is divided by 5.
3
Suppose 2*o = 5*o - 5*a - 582, 2*o + 4*a - 366 = 0. Suppose o = 3*l - 3*h, l = -2*h + h + 69. What is the remainder when l is divided by (2 + -3 - 4) + 22/1?
15
Suppose 5*c = 4*p - 27, 2*p = -2*c + c + 3. Suppose -5*l = 3*k, -2*k = 2*l + l. What is the remainder when (-20 + k + 0)/(1 + -3) is divided by p?
1
Let i = -107 - 38. Let t = 154 + i. Calculate the remainder when 32 is divided by t.
5
Let c(q) = -q**3 - 8*q**2 + 10*q + 11. Let v be c(-9). Suppose 2*s + s - 125 = 2*f, 0 = -4*s - v*f + 148. Calculate the remainder when s is divided by 15.
9
Let k(o) = o**2 + 3*o + 2. Let y = 12 - 18. Let h = -67 + 145. Calculate the remainder when h is divided by k(y).
18
Calculate the remainder when 4*(-9 + (-1992)/(-32)) is divided by 57.
42
Let r be (2/(-3))/(2 - (-28)/(-12)). Suppose -3*c - 26 = -4*p, r*p - 6 = -0*c - 2*c. What is the remainder when 28 is divided by p?
3
Suppose 26 = 3*t + 4*m, t + 3 = -4*m + 9. Calculate the remainder when 3/(2 - 1) - (-855)/19 is divided by t.
8
Suppose 0 = 2*h + 5*j - 1653, 4*j - 300 = -5*h + 3875. Calculate the remainder when h is divided by 29.
27
Let o = 2 + 5. Suppose 3*z + 112 = o*z. Let t = z + -20. Calculate the remainder when 22 is divided by t.
6
What is the remainder when 12 is divided by (-6)/(24/20)*24/(-40)?
0
Suppose -3*d + 8*d - 60 = -5*z, -4*d + 3*z + 48 = 0. Calculate the remainder when d is divided by 9.
3
Let m(x) = 9*x**3 + 2*x**2 - 6*x + 3. Let r be m(2). What is the remainder when (-1 - 0) + r + -12 is divided by 13?
6
Suppose 0 = -5*z + 4*z - 1. Calculate the remainder when 20 is divided by (-7 - 0)/((-5)/(4 - z)).
6
Suppose 9 = -4*p + 7*p. Let k be p/(69/(-30) - -2). Let g = k - -24. Calculate the remainder when 41 is divided by g.
13
Suppose 0 = 5*a - y - 390, 7*a - 4*a - 4*y - 234 = 0. What is the remainder when a is divided by 21?
15
Let q be 142/(-8)*(4 - 8). Suppose q = x + 4*s - s, -x + 3*s + 101 = 0. What is the remainder when x is divided by 29?
28
Let b = -102 + 172. Calculate the remainder when b - (-1)/2*2 is divided by 24.
23
Suppose -4*g - 141 = -5*o + 67, -2*o = -g - 82. Suppose 0 = 4*z - 4*k - 52, -3*k = 5*z - z - 59. What is the remainder when o is divided by z?
12
Suppose 3 - 3 = -5*i. Suppose -3*r - 4*r + 686 = i. Calculate the remainder when r is divided by 15.
8
Suppose 5*y - v = -0*v + 137, 0 = 4*y + 2*v - 104. Let d = -920 - -934. Calculate the remainder when y is divided by d.
13
Suppose 6*d + 45 = 11*d. What is the remainder when 19 is divided by d?
1
Let y(d) be the first derivative of -d**4/4 + d**3/3 + d**2 - 8*d + 12. Calculate the remainder when y(-3) is divided by 12.
10
Let k = -27 - -44. Let b be ((-270)/(-75))/(4/10). Suppose 112 = 4*i + 3*o, 20 = 4*o - b*o. Calculate the remainder when i is divided by k.
14
Let b be (-1)/4 + (-1206)/(-24). Suppose 6*k = 4*k + b. Suppose 5*i = n - 5*n + 85, 2*n - k = i. Calculate the remainder when n is divided by 8.
7
Let s(r) = -r**3 + 3*r**2 + 4*r - 8. Let q be s(4). What is the remainder when ((-18)/8)/((3 + q)/60) is divided by 9?
0
Let w be (-3 + -13)/(-5 + 4). What is the remainder when 2*(398/w - (-12)/96) is divided by 18?
14
Let w(k) = 37*k**2 - 4. Let b be w(2). Suppose 4*a - 736 = -b. Calculate the remainder when a is divided by 30.
28
Suppose 4*j + 0*j = 4. Suppose -2*v + 7*v - 20 = 0. Suppose a = -v*a + k + 